{"id":272,"date":"2026-04-08T10:37:21","date_gmt":"2026-04-08T08:37:21","guid":{"rendered":"https:\/\/gastrotesoro.com.pl\/?page_id=272"},"modified":"2026-04-08T10:47:05","modified_gmt":"2026-04-08T08:47:05","slug":"pierwsza-komunia-swieta-uroczystosci-pelne-blasku","status":"publish","type":"page","link":"https:\/\/gastrotesoro.com.pl\/?page_id=272","title":{"rendered":"Pierwsza Komunia \u015awi\u0119ta \u2013 Uroczysto\u015bci pe\u0142ne blasku"},"content":{"rendered":"\n<p class=\"gtfy-1\"><strong><em>Pierwsza Komunia<\/em><\/strong> \u015awi\u0119ta to wyj\u0105tkowy czas dla ka\u017cdego dziecka i wa\u017cny moment dla ca\u0142ej rodziny. Zas\u0142uguje na idealn\u0105, bezstresow\u0105 organizacj\u0119. Oferujemy eleganck\u0105 opraw\u0119 tego wydarzenia i kompleksow\u0105 obs\u0142ug\u0119, dzi\u0119ki kt\u00f3rej ten majowy dzie\u0144 zapadnie w pami\u0119\u0107 jako radosne i pi\u0119kne \u015bwi\u0119to.<\/p>\n\n\n\n<p class=\"gtfy-4\"><strong>Co obejmuje nasza oferta?<\/strong><\/p>\n\n\n\n<ul class=\"wp-block-list gtfy-11\">\n<li class=\"gtfy-7 gutenify-list-item\"><strong>Menu dopasowane do dzieci\u0119cych podniebie\u0144:<\/strong> Klasyczny, wykwintny obiad dla doros\u0142ych \u0142\u0105czymy z ulubionymi smakami dzieci (delikatne zupy, lubiane dania g\u0142\u00f3wne, kolorowe desery).<\/li>\n\n\n\n<li class=\"gtfy-8 gutenify-list-item\"><strong>Zjawiskowa oprawa sto\u0142\u00f3w:<\/strong> Biel, srebro, z\u0142oto lub delikatne pastele \u2013 zapewniamy eleganck\u0105 florystyk\u0119 i dekoracje adekwatne do rangi wydarzenia.<\/li>\n\n\n\n<li class=\"gtfy-9 gutenify-list-item\"><strong>Tort komunijny:<\/strong> Mo\u017cliwo\u015b\u0107 zam\u00f3wienia i efektownego podania wymarzonego tortu dla dziecka.<\/li>\n\n\n\n<li class=\"gtfy-10 gutenify-list-item\"><strong>Przestrze\u0144 dla najm\u0142odszych:<\/strong> Mo\u017cliwo\u015b\u0107 zorganizowania animacji lub wydzielenia miejsca do zabaw na \u015bwie\u017cym powietrzu \/ na sali, aby dzieci nie nudzi\u0142y si\u0119 po obiedzie.<\/li>\n<\/ul>\n","protected":false},"excerpt":{"rendered":"<p>Pierwsza Komunia \u015awi\u0119ta to wyj\u0105tkowy czas dla ka\u017cdego dziecka i wa\u017cny moment dla ca\u0142ej rodziny. [&hellip;]<\/p>\n","protected":false},"author":1,"featured_media":0,"parent":0,"menu_order":0,"comment_status":"closed","ping_status":"closed","template":"","meta":{"footnotes":""},"class_list":["post-272","page","type-page","status-publish","hentry"],"yoast_head":"<!-- This site is optimized with the Yoast SEO plugin v27.1.1 - https:\/\/yoast.com\/product\/yoast-seo-wordpress\/ -->\n<title>Pierwsza Komunia \u015awi\u0119ta \u2013 Uroczysto\u015bci pe\u0142ne blasku - Gastro Tesoro<\/title>\n<meta name=\"robots\" content=\"index, follow, max-snippet:-1, max-image-preview:large, max-video-preview:-1\" \/>\n<link rel=\"canonical\" href=\"https:\/\/gastrotesoro.com.pl\/?page_id=272\" \/>\n<meta property=\"og:locale\" content=\"en_US\" \/>\n<meta property=\"og:type\" content=\"article\" \/>\n<meta property=\"og:title\" content=\"Pierwsza Komunia \u015awi\u0119ta \u2013 Uroczysto\u015bci pe\u0142ne blasku - Gastro Tesoro\" \/>\n<meta property=\"og:description\" content=\"Pierwsza Komunia \u015awi\u0119ta to wyj\u0105tkowy czas dla ka\u017cdego dziecka i wa\u017cny moment dla ca\u0142ej rodziny. [&hellip;]\" \/>\n<meta property=\"og:url\" content=\"https:\/\/gastrotesoro.com.pl\/?page_id=272\" \/>\n<meta property=\"og:site_name\" content=\"Gastro Tesoro\" \/>\n<meta property=\"article:modified_time\" content=\"2026-04-08T08:47:05+00:00\" \/>\n<meta name=\"twitter:card\" content=\"summary_large_image\" \/>\n<meta name=\"twitter:label1\" content=\"Est. reading time\" \/>\n\t<meta name=\"twitter:data1\" content=\"1 minute\" \/>\n<script type=\"application\/ld+json\" class=\"yoast-schema-graph\">{\"@context\":\"https:\/\/schema.org\",\"@graph\":[{\"@type\":\"WebPage\",\"@id\":\"https:\/\/gastrotesoro.com.pl\/?page_id=272\",\"url\":\"https:\/\/gastrotesoro.com.pl\/?page_id=272\",\"name\":\"Pierwsza Komunia \u015awi\u0119ta \u2013 Uroczysto\u015bci pe\u0142ne blasku - Gastro Tesoro\",\"isPartOf\":{\"@id\":\"https:\/\/gastrotesoro.com.pl\/#website\"},\"datePublished\":\"2026-04-08T08:37:21+00:00\",\"dateModified\":\"2026-04-08T08:47:05+00:00\",\"breadcrumb\":{\"@id\":\"https:\/\/gastrotesoro.com.pl\/?page_id=272#breadcrumb\"},\"inLanguage\":\"en-US\",\"potentialAction\":[{\"@type\":\"ReadAction\",\"target\":[\"https:\/\/gastrotesoro.com.pl\/?page_id=272\"]}]},{\"@type\":\"BreadcrumbList\",\"@id\":\"https:\/\/gastrotesoro.com.pl\/?page_id=272#breadcrumb\",\"itemListElement\":[{\"@type\":\"ListItem\",\"position\":1,\"name\":\"Home\",\"item\":\"https:\/\/gastrotesoro.com.pl\/\"},{\"@type\":\"ListItem\",\"position\":2,\"name\":\"Pierwsza Komunia \u015awi\u0119ta \u2013 Uroczysto\u015bci pe\u0142ne blasku\"}]},{\"@type\":\"WebSite\",\"@id\":\"https:\/\/gastrotesoro.com.pl\/#website\",\"url\":\"https:\/\/gastrotesoro.com.pl\/\",\"name\":\"Gastro Tesoro\",\"description\":\"\",\"publisher\":{\"@id\":\"https:\/\/gastrotesoro.com.pl\/#organization\"},\"potentialAction\":[{\"@type\":\"SearchAction\",\"target\":{\"@type\":\"EntryPoint\",\"urlTemplate\":\"https:\/\/gastrotesoro.com.pl\/?s={search_term_string}\"},\"query-input\":{\"@type\":\"PropertyValueSpecification\",\"valueRequired\":true,\"valueName\":\"search_term_string\"}}],\"inLanguage\":\"en-US\"},{\"@type\":\"Organization\",\"@id\":\"https:\/\/gastrotesoro.com.pl\/#organization\",\"name\":\"Gastro Tesoro\",\"url\":\"https:\/\/gastrotesoro.com.pl\/\",\"logo\":{\"@type\":\"ImageObject\",\"inLanguage\":\"en-US\",\"@id\":\"https:\/\/gastrotesoro.com.pl\/#\/schema\/logo\/image\/\",\"url\":\"https:\/\/gastrotesoro.com.pl\/wp-content\/uploads\/2026\/02\/WhatsApp-Image-2026-02-05-at-23.49.png\",\"contentUrl\":\"https:\/\/gastrotesoro.com.pl\/wp-content\/uploads\/2026\/02\/WhatsApp-Image-2026-02-05-at-23.49.png\",\"width\":300,\"height\":159,\"caption\":\"Gastro Tesoro\"},\"image\":{\"@id\":\"https:\/\/gastrotesoro.com.pl\/#\/schema\/logo\/image\/\"}}]}<\/script>\n<!-- \/ Yoast SEO plugin. -->","yoast_head_json":{"title":"Pierwsza Komunia \u015awi\u0119ta \u2013 Uroczysto\u015bci pe\u0142ne blasku - Gastro Tesoro","robots":{"index":"index","follow":"follow","max-snippet":"max-snippet:-1","max-image-preview":"max-image-preview:large","max-video-preview":"max-video-preview:-1"},"canonical":"https:\/\/gastrotesoro.com.pl\/?page_id=272","og_locale":"en_US","og_type":"article","og_title":"Pierwsza Komunia \u015awi\u0119ta \u2013 Uroczysto\u015bci pe\u0142ne blasku - Gastro Tesoro","og_description":"Pierwsza Komunia \u015awi\u0119ta to wyj\u0105tkowy czas dla ka\u017cdego dziecka i wa\u017cny moment dla ca\u0142ej rodziny. [&hellip;]","og_url":"https:\/\/gastrotesoro.com.pl\/?page_id=272","og_site_name":"Gastro Tesoro","article_modified_time":"2026-04-08T08:47:05+00:00","twitter_card":"summary_large_image","twitter_misc":{"Est. reading time":"1 minute"},"schema":{"@context":"https:\/\/schema.org","@graph":[{"@type":"WebPage","@id":"https:\/\/gastrotesoro.com.pl\/?page_id=272","url":"https:\/\/gastrotesoro.com.pl\/?page_id=272","name":"Pierwsza Komunia \u015awi\u0119ta \u2013 Uroczysto\u015bci pe\u0142ne blasku - Gastro Tesoro","isPartOf":{"@id":"https:\/\/gastrotesoro.com.pl\/#website"},"datePublished":"2026-04-08T08:37:21+00:00","dateModified":"2026-04-08T08:47:05+00:00","breadcrumb":{"@id":"https:\/\/gastrotesoro.com.pl\/?page_id=272#breadcrumb"},"inLanguage":"en-US","potentialAction":[{"@type":"ReadAction","target":["https:\/\/gastrotesoro.com.pl\/?page_id=272"]}]},{"@type":"BreadcrumbList","@id":"https:\/\/gastrotesoro.com.pl\/?page_id=272#breadcrumb","itemListElement":[{"@type":"ListItem","position":1,"name":"Home","item":"https:\/\/gastrotesoro.com.pl\/"},{"@type":"ListItem","position":2,"name":"Pierwsza Komunia \u015awi\u0119ta \u2013 Uroczysto\u015bci pe\u0142ne blasku"}]},{"@type":"WebSite","@id":"https:\/\/gastrotesoro.com.pl\/#website","url":"https:\/\/gastrotesoro.com.pl\/","name":"Gastro Tesoro","description":"","publisher":{"@id":"https:\/\/gastrotesoro.com.pl\/#organization"},"potentialAction":[{"@type":"SearchAction","target":{"@type":"EntryPoint","urlTemplate":"https:\/\/gastrotesoro.com.pl\/?s={search_term_string}"},"query-input":{"@type":"PropertyValueSpecification","valueRequired":true,"valueName":"search_term_string"}}],"inLanguage":"en-US"},{"@type":"Organization","@id":"https:\/\/gastrotesoro.com.pl\/#organization","name":"Gastro Tesoro","url":"https:\/\/gastrotesoro.com.pl\/","logo":{"@type":"ImageObject","inLanguage":"en-US","@id":"https:\/\/gastrotesoro.com.pl\/#\/schema\/logo\/image\/","url":"https:\/\/gastrotesoro.com.pl\/wp-content\/uploads\/2026\/02\/WhatsApp-Image-2026-02-05-at-23.49.png","contentUrl":"https:\/\/gastrotesoro.com.pl\/wp-content\/uploads\/2026\/02\/WhatsApp-Image-2026-02-05-at-23.49.png","width":300,"height":159,"caption":"Gastro Tesoro"},"image":{"@id":"https:\/\/gastrotesoro.com.pl\/#\/schema\/logo\/image\/"}}]}},"_links":{"self":[{"href":"https:\/\/gastrotesoro.com.pl\/index.php?rest_route=\/wp\/v2\/pages\/272","targetHints":{"allow":["GET"]}}],"collection":[{"href":"https:\/\/gastrotesoro.com.pl\/index.php?rest_route=\/wp\/v2\/pages"}],"about":[{"href":"https:\/\/gastrotesoro.com.pl\/index.php?rest_route=\/wp\/v2\/types\/page"}],"author":[{"embeddable":true,"href":"https:\/\/gastrotesoro.com.pl\/index.php?rest_route=\/wp\/v2\/users\/1"}],"replies":[{"embeddable":true,"href":"https:\/\/gastrotesoro.com.pl\/index.php?rest_route=%2Fwp%2Fv2%2Fcomments&post=272"}],"version-history":[{"count":2,"href":"https:\/\/gastrotesoro.com.pl\/index.php?rest_route=\/wp\/v2\/pages\/272\/revisions"}],"predecessor-version":[{"id":287,"href":"https:\/\/gastrotesoro.com.pl\/index.php?rest_route=\/wp\/v2\/pages\/272\/revisions\/287"}],"wp:attachment":[{"href":"https:\/\/gastrotesoro.com.pl\/index.php?rest_route=%2Fwp%2Fv2%2Fmedia&parent=272"}],"curies":[{"name":"wp","href":"https:\/\/api.w.org\/{rel}","templated":true}]}}